{"id":395,"date":"2021-05-07T07:11:09","date_gmt":"2021-05-07T07:11:09","guid":{"rendered":"https:\/\/festimotravel.lv\/index.php\/home\/"},"modified":"2023-07-10T14:46:55","modified_gmt":"2023-07-10T14:46:55","slug":"home","status":"publish","type":"page","link":"https:\/\/festimotravel.lv\/","title":{"rendered":"Home"},"content":{"rendered":"\t\t<div data-elementor-type=\"wp-page\" data-elementor-id=\"395\" class=\"elementor elementor-395\">\n\t\t\t\t\t\t\t\t\t<section class=\"elementor-section elementor-top-section elementor-element elementor-element-05a150d elementor-section-height-min-height elementor-section-boxed elementor-section-height-default elementor-section-items-middle\" data-id=\"05a150d\" data-element_type=\"section\" data-settings=\"{&quot;background_background&quot;:&quot;classic&quot;}\">\n\t\t\t\t\t\t\t<div class=\"elementor-background-overlay\"><\/div>\n\t\t\t\t\t\t\t<div class=\"elementor-container elementor-column-gap-no\">\n\t\t\t\t\t<div class=\"elementor-column elementor-col-100 elementor-top-column elementor-element elementor-element-15a26f7\" data-id=\"15a26f7\" data-element_type=\"column\">\n\t\t\t<div class=\"elementor-widget-wrap elementor-element-populated\">\n\t\t\t\t\t\t\t\t<div class=\"elementor-element elementor-element-6ad8375 elementor-widget elementor-widget-heading\" data-id=\"6ad8375\" data-element_type=\"widget\" data-widget_type=\"heading.default\">\n\t\t\t\t<div class=\"elementor-widget-container\">\n\t\t\t<style>\/*! elementor - v3.14.0 - 26-06-2023 *\/\n.elementor-heading-title{padding:0;margin:0;line-height:1}.elementor-widget-heading .elementor-heading-title[class*=elementor-size-]>a{color:inherit;font-size:inherit;line-height:inherit}.elementor-widget-heading .elementor-heading-title.elementor-size-small{font-size:15px}.elementor-widget-heading .elementor-heading-title.elementor-size-medium{font-size:19px}.elementor-widget-heading .elementor-heading-title.elementor-size-large{font-size:29px}.elementor-widget-heading .elementor-heading-title.elementor-size-xl{font-size:39px}.elementor-widget-heading .elementor-heading-title.elementor-size-xxl{font-size:59px}<\/style><h1 class=\"elementor-heading-title elementor-size-default\">Ide\u0101ls ce\u013cojums s\u0101kas \u0161eit!<\/h1>\t\t<\/div>\n\t\t\t\t<\/div>\n\t\t\t\t<div class=\"elementor-element elementor-element-9b3ad04 elementor-widget elementor-widget-text-editor\" data-id=\"9b3ad04\" data-element_type=\"widget\" data-widget_type=\"text-editor.default\">\n\t\t\t\t<div class=\"elementor-widget-container\">\n\t\t\t<style>\/*! elementor - v3.14.0 - 26-06-2023 *\/\n.elementor-widget-text-editor.elementor-drop-cap-view-stacked .elementor-drop-cap{background-color:#69727d;color:#fff}.elementor-widget-text-editor.elementor-drop-cap-view-framed .elementor-drop-cap{color:#69727d;border:3px solid;background-color:transparent}.elementor-widget-text-editor:not(.elementor-drop-cap-view-default) .elementor-drop-cap{margin-top:8px}.elementor-widget-text-editor:not(.elementor-drop-cap-view-default) .elementor-drop-cap-letter{width:1em;height:1em}.elementor-widget-text-editor .elementor-drop-cap{float:left;text-align:center;line-height:1;font-size:50px}.elementor-widget-text-editor .elementor-drop-cap-letter{display:inline-block}<\/style>\t\t\t\t<p>Ja mekl\u0113jat ide\u0101las br\u012bvdienas, tad j\u016bs esat \u012bstaj\u0101 viet\u0101, m\u0113s uzklaus\u012bsim, kas jums nepiecie\u0161ams un sapl\u0101nosim atp\u016btu t\u0101, lai neparko nav j\u0101dom\u0101.<\/p>\t\t\t\t\t\t<\/div>\n\t\t\t\t<\/div>\n\t\t\t\t<div class=\"elementor-element elementor-element-13fd77c elementor-widget elementor-widget-button\" data-id=\"13fd77c\" data-element_type=\"widget\" data-widget_type=\"button.default\">\n\t\t\t\t<div class=\"elementor-widget-container\">\n\t\t\t\t\t<div class=\"elementor-button-wrapper\">\n\t\t\t<a class=\"elementor-button elementor-button-link elementor-size-sm\" href=\"https:\/\/festimotravel.lt\/lv\/celojumi\/\">\n\t\t\t\t\t\t<span class=\"elementor-button-content-wrapper\">\n\t\t\t\t\t\t<span class=\"elementor-button-text\">Rezerv\u0113jiet ce\u013cojumu<\/span>\n\t\t<\/span>\n\t\t\t\t\t<\/a>\n\t\t<\/div>\n\t\t\t\t<\/div>\n\t\t\t\t<\/div>\n\t\t\t\t\t<\/div>\n\t\t<\/div>\n\t\t\t\t\t\t\t<\/div>\n\t\t<\/section>\n\t\t\t\t<section class=\"elementor-section elementor-top-section elementor-element elementor-element-be7f3f9 elementor-section-content-top elementor-reverse-mobile elementor-section-boxed elementor-section-height-default elementor-section-height-default\" data-id=\"be7f3f9\" data-element_type=\"section\" data-settings=\"{&quot;background_background&quot;:&quot;classic&quot;}\">\n\t\t\t\t\t\t<div class=\"elementor-container elementor-column-gap-no\">\n\t\t\t\t\t<div class=\"elementor-column elementor-col-50 elementor-top-column elementor-element elementor-element-4325e84\" data-id=\"4325e84\" data-element_type=\"column\">\n\t\t\t<div class=\"elementor-widget-wrap elementor-element-populated\">\n\t\t\t\t\t\t\t\t<div class=\"elementor-element elementor-element-f6e53d5 elementor-widget elementor-widget-image\" data-id=\"f6e53d5\" data-element_type=\"widget\" data-widget_type=\"image.default\">\n\t\t\t\t<div class=\"elementor-widget-container\">\n\t\t\t<style>\/*! elementor - v3.14.0 - 26-06-2023 *\/\n.elementor-widget-image{text-align:center}.elementor-widget-image a{display:inline-block}.elementor-widget-image a img[src$=\".svg\"]{width:48px}.elementor-widget-image img{vertical-align:middle;display:inline-block}<\/style>\t\t\t\t\t\t\t\t\t\t\t\t<img decoding=\"async\" width=\"853\" height=\"1280\" src=\"https:\/\/festimotravel.lv\/wp-content\/uploads\/2023\/07\/sultan-ahmet-mosque-cami-mosque-6604492.jpg\" class=\"attachment-full size-full wp-image-420\" alt=\"sultan ahmet mosque, cami, mosque-6604492.jpg\" loading=\"lazy\" srcset=\"https:\/\/festimotravel.lv\/wp-content\/uploads\/2023\/07\/sultan-ahmet-mosque-cami-mosque-6604492.jpg 853w, https:\/\/festimotravel.lv\/wp-content\/uploads\/2023\/07\/sultan-ahmet-mosque-cami-mosque-6604492-200x300.jpg 200w, https:\/\/festimotravel.lv\/wp-content\/uploads\/2023\/07\/sultan-ahmet-mosque-cami-mosque-6604492-682x1024.jpg 682w, https:\/\/festimotravel.lv\/wp-content\/uploads\/2023\/07\/sultan-ahmet-mosque-cami-mosque-6604492-768x1152.jpg 768w\" sizes=\"(max-width: 853px) 100vw, 853px\" \/>\t\t\t\t\t\t\t\t\t\t\t\t\t\t\t<\/div>\n\t\t\t\t<\/div>\n\t\t\t\t\t<\/div>\n\t\t<\/div>\n\t\t\t\t<div class=\"elementor-column elementor-col-50 elementor-top-column elementor-element elementor-element-70d6f548\" data-id=\"70d6f548\" data-element_type=\"column\">\n\t\t\t<div class=\"elementor-widget-wrap elementor-element-populated\">\n\t\t\t\t\t\t\t\t<div class=\"elementor-element elementor-element-41ca181c elementor-position-top elementor-vertical-align-top elementor-widget elementor-widget-image-box\" data-id=\"41ca181c\" data-element_type=\"widget\" data-widget_type=\"image-box.default\">\n\t\t\t\t<div class=\"elementor-widget-container\">\n\t\t\t<style>\/*! elementor - v3.14.0 - 26-06-2023 *\/\n.elementor-widget-image-box .elementor-image-box-content{width:100%}@media (min-width:768px){.elementor-widget-image-box.elementor-position-left .elementor-image-box-wrapper,.elementor-widget-image-box.elementor-position-right .elementor-image-box-wrapper{display:flex}.elementor-widget-image-box.elementor-position-right .elementor-image-box-wrapper{text-align:right;flex-direction:row-reverse}.elementor-widget-image-box.elementor-position-left .elementor-image-box-wrapper{text-align:left;flex-direction:row}.elementor-widget-image-box.elementor-position-top .elementor-image-box-img{margin:auto}.elementor-widget-image-box.elementor-vertical-align-top .elementor-image-box-wrapper{align-items:flex-start}.elementor-widget-image-box.elementor-vertical-align-middle .elementor-image-box-wrapper{align-items:center}.elementor-widget-image-box.elementor-vertical-align-bottom .elementor-image-box-wrapper{align-items:flex-end}}@media (max-width:767px){.elementor-widget-image-box .elementor-image-box-img{margin-left:auto!important;margin-right:auto!important;margin-bottom:15px}}.elementor-widget-image-box .elementor-image-box-img{display:inline-block}.elementor-widget-image-box .elementor-image-box-title a{color:inherit}.elementor-widget-image-box .elementor-image-box-wrapper{text-align:center}.elementor-widget-image-box .elementor-image-box-description{margin:0}<\/style><div class=\"elementor-image-box-wrapper\"><div class=\"elementor-image-box-content\"><h2 class=\"elementor-image-box-title\">Turcija<\/h2><p class=\"elementor-image-box-description\">Turcija ir bag\u0101ta ar v\u0113sturi, kult\u016bru un br\u012bni\u0161\u0137\u012bgu virtuvi, t\u0101p\u0113c ir v\u0113rts apmekl\u0113t \u0161o galam\u0113r\u0137i. Izbaud\u012btiet ce\u013cojumu laic\u012bgi izpl\u0101nojot, ko v\u0113laties apskat\u012bt un k\u0101das vietas apmekl\u0113t. Vienm\u0113r p\u0101rbaudiet, k\u0101di ir nepiecie\u0161amie dokumenti dodoties ce\u013cojum\u0101. Inform\u0101ciju par ce\u013cojuma dokumentiem J\u016bs varat atrast \u0161eit www.mfa.gov.lv <\/p><\/div><\/div>\t\t<\/div>\n\t\t\t\t<\/div>\n\t\t\t\t<div class=\"elementor-element elementor-element-5f98b0cd elementor-widget elementor-widget-image\" data-id=\"5f98b0cd\" data-element_type=\"widget\" data-widget_type=\"image.default\">\n\t\t\t\t<div class=\"elementor-widget-container\">\n\t\t\t\t\t\t\t\t\t\t\t\t\t\t\t<img decoding=\"async\" width=\"1280\" height=\"853\" src=\"https:\/\/festimotravel.lv\/wp-content\/uploads\/2023\/07\/turkey-beach-overcast-7057600.jpg\" class=\"attachment-full size-full wp-image-421\" alt=\"turkey, beach, overcast-7057600.jpg\" loading=\"lazy\" srcset=\"https:\/\/festimotravel.lv\/wp-content\/uploads\/2023\/07\/turkey-beach-overcast-7057600.jpg 1280w, https:\/\/festimotravel.lv\/wp-content\/uploads\/2023\/07\/turkey-beach-overcast-7057600-300x200.jpg 300w, https:\/\/festimotravel.lv\/wp-content\/uploads\/2023\/07\/turkey-beach-overcast-7057600-1024x682.jpg 1024w, https:\/\/festimotravel.lv\/wp-content\/uploads\/2023\/07\/turkey-beach-overcast-7057600-768x512.jpg 768w\" sizes=\"(max-width: 1280px) 100vw, 1280px\" \/>\t\t\t\t\t\t\t\t\t\t\t\t\t\t\t<\/div>\n\t\t\t\t<\/div>\n\t\t\t\t<div class=\"elementor-element elementor-element-8b1be83 elementor-widget elementor-widget-text-editor\" data-id=\"8b1be83\" data-element_type=\"widget\" data-widget_type=\"text-editor.default\">\n\t\t\t\t<div class=\"elementor-widget-container\">\n\t\t\t\t\t\t\t<p>Izbaudiet ce\u013cojumu uz Turciju!<\/p>\t\t\t\t\t\t<\/div>\n\t\t\t\t<\/div>\n\t\t\t\t<div class=\"elementor-element elementor-element-1ad62da8 elementor-widget elementor-widget-button\" data-id=\"1ad62da8\" data-element_type=\"widget\" data-widget_type=\"button.default\">\n\t\t\t\t<div class=\"elementor-widget-container\">\n\t\t\t\t\t<div class=\"elementor-button-wrapper\">\n\t\t\t<a class=\"elementor-button elementor-button-link elementor-size-sm\" href=\"https:\/\/festimotravel.lt\/lv\/celojumi\/\">\n\t\t\t\t\t\t<span class=\"elementor-button-content-wrapper\">\n\t\t\t\t\t\t<span class=\"elementor-button-text\">Rezerv\u0113jiet ce\u013cojumu<\/span>\n\t\t<\/span>\n\t\t\t\t\t<\/a>\n\t\t<\/div>\n\t\t\t\t<\/div>\n\t\t\t\t<\/div>\n\t\t\t\t\t<\/div>\n\t\t<\/div>\n\t\t\t\t\t\t\t<\/div>\n\t\t<\/section>\n\t\t\t\t<section class=\"elementor-section elementor-top-section elementor-element elementor-element-bbfb87d elementor-section-content-top elementor-reverse-mobile elementor-section-boxed elementor-section-height-default elementor-section-height-default\" data-id=\"bbfb87d\" data-element_type=\"section\" data-settings=\"{&quot;background_background&quot;:&quot;classic&quot;}\">\n\t\t\t\t\t\t<div class=\"elementor-container elementor-column-gap-no\">\n\t\t\t\t\t<div class=\"elementor-column elementor-col-50 elementor-top-column elementor-element elementor-element-ec70957\" data-id=\"ec70957\" data-element_type=\"column\">\n\t\t\t<div class=\"elementor-widget-wrap elementor-element-populated\">\n\t\t\t\t\t\t\t\t<div class=\"elementor-element elementor-element-680e119 elementor-position-top elementor-vertical-align-top elementor-widget elementor-widget-image-box\" data-id=\"680e119\" data-element_type=\"widget\" data-widget_type=\"image-box.default\">\n\t\t\t\t<div class=\"elementor-widget-container\">\n\t\t\t<div class=\"elementor-image-box-wrapper\"><div class=\"elementor-image-box-content\"><h2 class=\"elementor-image-box-title\">\u0112\u0123ipte<\/h2><p class=\"elementor-image-box-description\">Atkl\u0101j skaisto \u016bdens valst\u012bbu \u0160armel\u0161eih\u0101, izbaudi piram\u012bdu varen\u012bbu G\u012bz\u0101 un izbaudi Hurgadas \u0161armu.<\/p><\/div><\/div>\t\t<\/div>\n\t\t\t\t<\/div>\n\t\t\t\t<div class=\"elementor-element elementor-element-6f43e67 elementor-widget elementor-widget-image\" data-id=\"6f43e67\" data-element_type=\"widget\" data-widget_type=\"image.default\">\n\t\t\t\t<div class=\"elementor-widget-container\">\n\t\t\t\t\t\t\t\t\t\t\t\t\t\t\t<img decoding=\"async\" width=\"1280\" height=\"1132\" src=\"https:\/\/festimotravel.lv\/wp-content\/uploads\/2023\/07\/stars-night-sky-pyramids-1096934.jpg\" class=\"attachment-full size-full wp-image-425\" alt=\"stars, night sky, pyramids-1096934.jpg\" loading=\"lazy\" srcset=\"https:\/\/festimotravel.lv\/wp-content\/uploads\/2023\/07\/stars-night-sky-pyramids-1096934.jpg 1280w, https:\/\/festimotravel.lv\/wp-content\/uploads\/2023\/07\/stars-night-sky-pyramids-1096934-300x265.jpg 300w, https:\/\/festimotravel.lv\/wp-content\/uploads\/2023\/07\/stars-night-sky-pyramids-1096934-1024x906.jpg 1024w, https:\/\/festimotravel.lv\/wp-content\/uploads\/2023\/07\/stars-night-sky-pyramids-1096934-768x679.jpg 768w\" sizes=\"(max-width: 1280px) 100vw, 1280px\" \/>\t\t\t\t\t\t\t\t\t\t\t\t\t\t\t<\/div>\n\t\t\t\t<\/div>\n\t\t\t\t<div class=\"elementor-element elementor-element-1467052 elementor-widget elementor-widget-text-editor\" data-id=\"1467052\" data-element_type=\"widget\" data-widget_type=\"text-editor.default\">\n\t\t\t\t<div class=\"elementor-widget-container\">\n\t\t\t\t\t\t\t<p>Bag\u0101t\u012bgu ce\u013cojumu uz \u0112\u0123ipti!<\/p>\t\t\t\t\t\t<\/div>\n\t\t\t\t<\/div>\n\t\t\t\t<div class=\"elementor-element elementor-element-0609a4f elementor-widget elementor-widget-button\" data-id=\"0609a4f\" data-element_type=\"widget\" data-widget_type=\"button.default\">\n\t\t\t\t<div class=\"elementor-widget-container\">\n\t\t\t\t\t<div class=\"elementor-button-wrapper\">\n\t\t\t<a class=\"elementor-button elementor-button-link elementor-size-sm\" href=\"https:\/\/festimotravel.lt\/lv\/celojumi\/\">\n\t\t\t\t\t\t<span class=\"elementor-button-content-wrapper\">\n\t\t\t\t\t\t<span class=\"elementor-button-text\">Rezerv\u0113jiet ce\u013cojumu<\/span>\n\t\t<\/span>\n\t\t\t\t\t<\/a>\n\t\t<\/div>\n\t\t\t\t<\/div>\n\t\t\t\t<\/div>\n\t\t\t\t\t<\/div>\n\t\t<\/div>\n\t\t\t\t<div class=\"elementor-column elementor-col-50 elementor-top-column elementor-element elementor-element-a56ba96\" data-id=\"a56ba96\" data-element_type=\"column\">\n\t\t\t<div class=\"elementor-widget-wrap elementor-element-populated\">\n\t\t\t\t\t\t\t\t<div class=\"elementor-element elementor-element-f0b8c47 elementor-widget elementor-widget-image\" data-id=\"f0b8c47\" data-element_type=\"widget\" data-widget_type=\"image.default\">\n\t\t\t\t<div class=\"elementor-widget-container\">\n\t\t\t\t\t\t\t\t\t\t\t\t\t\t\t<img decoding=\"async\" width=\"960\" height=\"1280\" src=\"https:\/\/festimotravel.lv\/wp-content\/uploads\/2023\/07\/underwater-coral-fish-5310424.jpg\" class=\"attachment-full size-full wp-image-435\" alt=\"underwater, coral, fish-5310424.jpg\" loading=\"lazy\" srcset=\"https:\/\/festimotravel.lv\/wp-content\/uploads\/2023\/07\/underwater-coral-fish-5310424.jpg 960w, https:\/\/festimotravel.lv\/wp-content\/uploads\/2023\/07\/underwater-coral-fish-5310424-225x300.jpg 225w, https:\/\/festimotravel.lv\/wp-content\/uploads\/2023\/07\/underwater-coral-fish-5310424-768x1024.jpg 768w\" sizes=\"(max-width: 960px) 100vw, 960px\" \/>\t\t\t\t\t\t\t\t\t\t\t\t\t\t\t<\/div>\n\t\t\t\t<\/div>\n\t\t\t\t\t<\/div>\n\t\t<\/div>\n\t\t\t\t\t\t\t<\/div>\n\t\t<\/section>\n\t\t\t\t<section class=\"elementor-section elementor-top-section elementor-element elementor-element-44b0afdb elementor-section-boxed elementor-section-height-default elementor-section-height-default\" data-id=\"44b0afdb\" data-element_type=\"section\" data-settings=\"{&quot;background_background&quot;:&quot;classic&quot;}\">\n\t\t\t\t\t\t\t<div class=\"elementor-background-overlay\"><\/div>\n\t\t\t\t\t\t\t<div class=\"elementor-container elementor-column-gap-no\">\n\t\t\t\t\t<div class=\"elementor-column elementor-col-100 elementor-top-column elementor-element elementor-element-6bc7a53a\" data-id=\"6bc7a53a\" data-element_type=\"column\">\n\t\t\t<div class=\"elementor-widget-wrap elementor-element-populated\">\n\t\t\t\t\t\t\t\t<div class=\"elementor-element elementor-element-a7a7e6c elementor-widget elementor-widget-heading\" data-id=\"a7a7e6c\" data-element_type=\"widget\" data-widget_type=\"heading.default\">\n\t\t\t\t<div class=\"elementor-widget-container\">\n\t\t\t<h2 class=\"elementor-heading-title elementor-size-default\">Pl\u0101nojiet neaizmirstamu ce\u013cojumu!<\/h2>\t\t<\/div>\n\t\t\t\t<\/div>\n\t\t\t\t<div class=\"elementor-element elementor-element-4bf5b46c elementor-widget elementor-widget-text-editor\" data-id=\"4bf5b46c\" data-element_type=\"widget\" data-widget_type=\"text-editor.default\">\n\t\t\t\t<div class=\"elementor-widget-container\">\n\t\t\t\t\t\t\t<p>M\u0113s varam pal\u012bdz\u0113t jums ar ce\u013cojuma organiz\u0113\u0161anu p\u0113c j\u016bsu iesp\u0113j\u0101m, kur j\u016bs ieg\u016bsiet neaizmirstamas saj\u016btas.<\/p>\t\t\t\t\t\t<\/div>\n\t\t\t\t<\/div>\n\t\t\t\t<div class=\"elementor-element elementor-element-b22711c elementor-align-center elementor-widget elementor-widget-button\" data-id=\"b22711c\" data-element_type=\"widget\" data-widget_type=\"button.default\">\n\t\t\t\t<div class=\"elementor-widget-container\">\n\t\t\t\t\t<div class=\"elementor-button-wrapper\">\n\t\t\t<a class=\"elementor-button elementor-button-link elementor-size-sm\" href=\"https:\/\/festimotravel.lt\/lv\/celojumi\/\">\n\t\t\t\t\t\t<span class=\"elementor-button-content-wrapper\">\n\t\t\t\t\t\t<span class=\"elementor-button-text\">Rezerv\u0113jiet ce\u013cojumu<\/span>\n\t\t<\/span>\n\t\t\t\t\t<\/a>\n\t\t<\/div>\n\t\t\t\t<\/div>\n\t\t\t\t<\/div>\n\t\t\t\t\t<\/div>\n\t\t<\/div>\n\t\t\t\t\t\t\t<\/div>\n\t\t<\/section>\n\t\t\t\t\t\t\t<\/div>\n\t\t","protected":false},"excerpt":{"rendered":"<p>Ide\u0101ls ce\u013cojums s\u0101kas \u0161eit! Ja mekl\u0113jat ide\u0101las br\u012bvdienas, tad j\u016bs esat \u012bstaj\u0101 viet\u0101, m\u0113s uzklaus\u012bsim, kas jums nepiecie\u0161ams un sapl\u0101nosim atp\u016btu t\u0101, lai neparko nav j\u0101dom\u0101. Rezerv\u0113jiet ce\u013cojumu Turcija Turcija ir bag\u0101ta ar v\u0113sturi, kult\u016bru un br\u012bni\u0161\u0137\u012bgu virtuvi, t\u0101p\u0113c ir v\u0113rts apmekl\u0113t \u0161o galam\u0113r\u0137i. Izbaud\u012btiet ce\u013cojumu laic\u012bgi izpl\u0101nojot, ko v\u0113laties apskat\u012bt un k\u0101das vietas apmekl\u0113t. &hellip;<\/p>\n<p class=\"read-more\"> <a class=\"\" href=\"https:\/\/festimotravel.lv\/\"> <span class=\"screen-reader-text\">Home<\/span> Read More &raquo;<\/a><\/p>\n","protected":false},"author":2,"featured_media":0,"parent":0,"menu_order":0,"comment_status":"closed","ping_status":"closed","template":"","meta":{"site-sidebar-layout":"no-sidebar","site-content-layout":"page-builder","ast-global-header-display":"","ast-banner-title-visibility":"","ast-main-header-display":"","ast-hfb-above-header-display":"","ast-hfb-below-header-display":"","ast-hfb-mobile-header-display":"","site-post-title":"disabled","ast-breadcrumbs-content":"","ast-featured-img":"disabled","footer-sml-layout":"","theme-transparent-header-meta":"enabled","adv-header-id-meta":"","stick-header-meta":"","header-above-stick-meta":"","header-main-stick-meta":"","header-below-stick-meta":""},"yoast_head":"<!-- This site is optimized with the Yoast SEO plugin v20.10 - https:\/\/yoast.com\/wordpress\/plugins\/seo\/ -->\n<title>Home -<\/title>\n<meta name=\"robots\" content=\"index, follow, max-snippet:-1, max-image-preview:large, max-video-preview:-1\" \/>\n<link rel=\"canonical\" href=\"https:\/\/festimotravel.lv\/\" \/>\n<meta property=\"og:locale\" content=\"en_US\" \/>\n<meta property=\"og:type\" content=\"article\" \/>\n<meta property=\"og:title\" content=\"Home -\" \/>\n<meta property=\"og:description\" content=\"Ide\u0101ls ce\u013cojums s\u0101kas \u0161eit! Ja mekl\u0113jat ide\u0101las br\u012bvdienas, tad j\u016bs esat \u012bstaj\u0101 viet\u0101, m\u0113s uzklaus\u012bsim, kas jums nepiecie\u0161ams un sapl\u0101nosim atp\u016btu t\u0101, lai neparko nav j\u0101dom\u0101. Rezerv\u0113jiet ce\u013cojumu Turcija Turcija ir bag\u0101ta ar v\u0113sturi, kult\u016bru un br\u012bni\u0161\u0137\u012bgu virtuvi, t\u0101p\u0113c ir v\u0113rts apmekl\u0113t \u0161o galam\u0113r\u0137i. Izbaud\u012btiet ce\u013cojumu laic\u012bgi izpl\u0101nojot, ko v\u0113laties apskat\u012bt un k\u0101das vietas apmekl\u0113t. &hellip; Home Read More &raquo;\" \/>\n<meta property=\"og:url\" content=\"https:\/\/festimotravel.lv\/\" \/>\n<meta property=\"article:modified_time\" content=\"2023-07-10T14:46:55+00:00\" \/>\n<meta property=\"og:image\" content=\"http:\/\/festimotravel.lv\/wp-content\/uploads\/2023\/07\/sultan-ahmet-mosque-cami-mosque-6604492.jpg\" \/>\n<meta name=\"twitter:card\" content=\"summary_large_image\" \/>\n<meta name=\"twitter:label1\" content=\"Est. reading time\" \/>\n\t<meta name=\"twitter:data1\" content=\"2 minutes\" \/>\n<script type=\"application\/ld+json\" class=\"yoast-schema-graph\">{\"@context\":\"https:\/\/schema.org\",\"@graph\":[{\"@type\":\"WebPage\",\"@id\":\"https:\/\/festimotravel.lv\/\",\"url\":\"https:\/\/festimotravel.lv\/\",\"name\":\"Home -\",\"isPartOf\":{\"@id\":\"https:\/\/festimotravel.lv\/#website\"},\"datePublished\":\"2021-05-07T07:11:09+00:00\",\"dateModified\":\"2023-07-10T14:46:55+00:00\",\"breadcrumb\":{\"@id\":\"https:\/\/festimotravel.lv\/#breadcrumb\"},\"inLanguage\":\"en-US\",\"potentialAction\":[{\"@type\":\"ReadAction\",\"target\":[\"https:\/\/festimotravel.lv\/\"]}]},{\"@type\":\"BreadcrumbList\",\"@id\":\"https:\/\/festimotravel.lv\/#breadcrumb\",\"itemListElement\":[{\"@type\":\"ListItem\",\"position\":1,\"name\":\"Home\",\"item\":\"https:\/\/festimotravel.lv\/\"},{\"@type\":\"ListItem\",\"position\":2,\"name\":\"Home\"}]},{\"@type\":\"WebSite\",\"@id\":\"https:\/\/festimotravel.lv\/#website\",\"url\":\"https:\/\/festimotravel.lv\/\",\"name\":\"\",\"description\":\"\",\"potentialAction\":[{\"@type\":\"SearchAction\",\"target\":{\"@type\":\"EntryPoint\",\"urlTemplate\":\"https:\/\/festimotravel.lv\/?s={search_term_string}\"},\"query-input\":\"required name=search_term_string\"}],\"inLanguage\":\"en-US\"}]}<\/script>\n<!-- \/ Yoast SEO plugin. -->","yoast_head_json":{"title":"Home -","robots":{"index":"index","follow":"follow","max-snippet":"max-snippet:-1","max-image-preview":"max-image-preview:large","max-video-preview":"max-video-preview:-1"},"canonical":"https:\/\/festimotravel.lv\/","og_locale":"en_US","og_type":"article","og_title":"Home -","og_description":"Ide\u0101ls ce\u013cojums s\u0101kas \u0161eit! Ja mekl\u0113jat ide\u0101las br\u012bvdienas, tad j\u016bs esat \u012bstaj\u0101 viet\u0101, m\u0113s uzklaus\u012bsim, kas jums nepiecie\u0161ams un sapl\u0101nosim atp\u016btu t\u0101, lai neparko nav j\u0101dom\u0101. Rezerv\u0113jiet ce\u013cojumu Turcija Turcija ir bag\u0101ta ar v\u0113sturi, kult\u016bru un br\u012bni\u0161\u0137\u012bgu virtuvi, t\u0101p\u0113c ir v\u0113rts apmekl\u0113t \u0161o galam\u0113r\u0137i. Izbaud\u012btiet ce\u013cojumu laic\u012bgi izpl\u0101nojot, ko v\u0113laties apskat\u012bt un k\u0101das vietas apmekl\u0113t. &hellip; Home Read More &raquo;","og_url":"https:\/\/festimotravel.lv\/","article_modified_time":"2023-07-10T14:46:55+00:00","og_image":[{"url":"http:\/\/festimotravel.lv\/wp-content\/uploads\/2023\/07\/sultan-ahmet-mosque-cami-mosque-6604492.jpg"}],"twitter_card":"summary_large_image","twitter_misc":{"Est. reading time":"2 minutes"},"schema":{"@context":"https:\/\/schema.org","@graph":[{"@type":"WebPage","@id":"https:\/\/festimotravel.lv\/","url":"https:\/\/festimotravel.lv\/","name":"Home -","isPartOf":{"@id":"https:\/\/festimotravel.lv\/#website"},"datePublished":"2021-05-07T07:11:09+00:00","dateModified":"2023-07-10T14:46:55+00:00","breadcrumb":{"@id":"https:\/\/festimotravel.lv\/#breadcrumb"},"inLanguage":"en-US","potentialAction":[{"@type":"ReadAction","target":["https:\/\/festimotravel.lv\/"]}]},{"@type":"BreadcrumbList","@id":"https:\/\/festimotravel.lv\/#breadcrumb","itemListElement":[{"@type":"ListItem","position":1,"name":"Home","item":"https:\/\/festimotravel.lv\/"},{"@type":"ListItem","position":2,"name":"Home"}]},{"@type":"WebSite","@id":"https:\/\/festimotravel.lv\/#website","url":"https:\/\/festimotravel.lv\/","name":"","description":"","potentialAction":[{"@type":"SearchAction","target":{"@type":"EntryPoint","urlTemplate":"https:\/\/festimotravel.lv\/?s={search_term_string}"},"query-input":"required name=search_term_string"}],"inLanguage":"en-US"}]}},"_links":{"self":[{"href":"https:\/\/festimotravel.lv\/index.php\/wp-json\/wp\/v2\/pages\/395"}],"collection":[{"href":"https:\/\/festimotravel.lv\/index.php\/wp-json\/wp\/v2\/pages"}],"about":[{"href":"https:\/\/festimotravel.lv\/index.php\/wp-json\/wp\/v2\/types\/page"}],"author":[{"embeddable":true,"href":"https:\/\/festimotravel.lv\/index.php\/wp-json\/wp\/v2\/users\/2"}],"replies":[{"embeddable":true,"href":"https:\/\/festimotravel.lv\/index.php\/wp-json\/wp\/v2\/comments?post=395"}],"version-history":[{"count":31,"href":"https:\/\/festimotravel.lv\/index.php\/wp-json\/wp\/v2\/pages\/395\/revisions"}],"predecessor-version":[{"id":451,"href":"https:\/\/festimotravel.lv\/index.php\/wp-json\/wp\/v2\/pages\/395\/revisions\/451"}],"wp:attachment":[{"href":"https:\/\/festimotravel.lv\/index.php\/wp-json\/wp\/v2\/media?parent=395"}],"curies":[{"name":"wp","href":"https:\/\/api.w.org\/{rel}","templated":true}]}}